{"id":9,"date":"2018-09-16T18:35:44","date_gmt":"2018-09-16T18:35:44","guid":{"rendered":"http:\/\/kruczekrakanie.pl\/?page_id=9"},"modified":"2020-11-30T20:55:45","modified_gmt":"2020-11-30T20:55:45","slug":"o-nas","status":"publish","type":"page","link":"https:\/\/kruczekrakanie.pl\/index.php\/o-nas\/","title":{"rendered":"O nas"},"content":{"rendered":"\n<p class=\"wp-block-paragraph\">Jeste\u015bmy rodzin\u0105, kt\u00f3ra ci\u0105gle ma frajd\u0119 ze wsp\u00f3lnego poznawania \u015bwiata.<\/p>\n\n\n\nngg_shortcode_0_placeholder\n\n\n\n<hr class=\"wp-block-separator\"\/>\n\n\n\n<div class=\"wp-block-image\"><figure class=\"aligncenter\"><img loading=\"lazy\" decoding=\"async\" width=\"300\" height=\"300\" src=\"https:\/\/kruczekrakanie.pl\/wp-content\/uploads\/2018\/11\/krucze_logo-1-300x300.png\" alt=\"\" class=\"wp-image-899\" srcset=\"https:\/\/kruczekrakanie.pl\/wp-content\/uploads\/2018\/11\/krucze_logo-1-300x300.png 300w, https:\/\/kruczekrakanie.pl\/wp-content\/uploads\/2018\/11\/krucze_logo-1-150x150.png 150w, https:\/\/kruczekrakanie.pl\/wp-content\/uploads\/2018\/11\/krucze_logo-1-100x100.png 100w, https:\/\/kruczekrakanie.pl\/wp-content\/uploads\/2018\/11\/krucze_logo-1.png 660w\" sizes=\"auto, (max-width: 300px) 100vw, 300px\" \/><\/figure><\/div>\n","protected":false},"excerpt":{"rendered":"<p>Jeste\u015bmy rodzin\u0105, kt\u00f3ra ci\u0105gle ma frajd\u0119 ze wsp\u00f3lnego poznawania \u015bwiata.<\/p>\n","protected":false},"author":2,"featured_media":90,"parent":0,"menu_order":0,"comment_status":"closed","ping_status":"closed","template":"","meta":{"_crdt_document":"","ngg_post_thumbnail":0,"footnotes":""},"class_list":["post-9","page","type-page","status-publish","has-post-thumbnail","hentry"],"_links":{"self":[{"href":"https:\/\/kruczekrakanie.pl\/index.php\/wp-json\/wp\/v2\/pages\/9","targetHints":{"allow":["GET"]}}],"collection":[{"href":"https:\/\/kruczekrakanie.pl\/index.php\/wp-json\/wp\/v2\/pages"}],"about":[{"href":"https:\/\/kruczekrakanie.pl\/index.php\/wp-json\/wp\/v2\/types\/page"}],"author":[{"embeddable":true,"href":"https:\/\/kruczekrakanie.pl\/index.php\/wp-json\/wp\/v2\/users\/2"}],"replies":[{"embeddable":true,"href":"https:\/\/kruczekrakanie.pl\/index.php\/wp-json\/wp\/v2\/comments?post=9"}],"version-history":[{"count":10,"href":"https:\/\/kruczekrakanie.pl\/index.php\/wp-json\/wp\/v2\/pages\/9\/revisions"}],"predecessor-version":[{"id":2379,"href":"https:\/\/kruczekrakanie.pl\/index.php\/wp-json\/wp\/v2\/pages\/9\/revisions\/2379"}],"wp:featuredmedia":[{"embeddable":true,"href":"https:\/\/kruczekrakanie.pl\/index.php\/wp-json\/wp\/v2\/media\/90"}],"wp:attachment":[{"href":"https:\/\/kruczekrakanie.pl\/index.php\/wp-json\/wp\/v2\/media?parent=9"}],"curies":[{"name":"wp","href":"https:\/\/api.w.org\/{rel}","templated":true}]}}