{"id":528,"date":"2016-03-28T12:29:06","date_gmt":"2016-03-28T12:29:06","guid":{"rendered":"http:\/\/kruczekrakanie.pl\/?page_id=528"},"modified":"2020-03-07T21:13:23","modified_gmt":"2020-03-07T21:13:23","slug":"teneryfa-2016","status":"publish","type":"page","link":"https:\/\/kruczekrakanie.pl\/index.php\/wycieczki\/teneryfa-2016\/","title":{"rendered":"Teneryfa 2016"},"content":{"rendered":"\n<p class=\"wp-block-paragraph\">Ferie zimowe 2016 r. sp\u0119dzili\u015bmy na Teneryfie. To nasza druga wizyta na tej wyspie, ale jest ona du\u017ca i jest co zwiedza\u0107.<\/p>\n\n\n\n<p class=\"wp-block-paragraph\">Tym razem zaliczyli\u015bmy Loro Parki i Siam Park &#8211; powt\u00f3rka, ale poprzednio nam si\u0119 podoba\u0142o. Zwiedzili\u015bmy ciekawe fragmenty wybrze\u017ca i wn\u0119trze wyspy. P\u0142ywali\u015bmy z delfinami i wjechali\u015bmy kolejk\u0105 na szczyt wulkanu Teide. Odwiedzili\u015bmy najwi\u0119ksz\u0105 na wyspie twierdz\u0119 i najdalej na zach\u00f3d wysuni\u0119ty p\u00f3\u0142wysep.<\/p>\n\n\n\n<div class=\"wp-block-image\"><figure class=\"aligncenter size-large\"><img loading=\"lazy\" decoding=\"async\" width=\"1024\" height=\"678\" src=\"https:\/\/kruczekrakanie.pl\/wp-content\/uploads\/2020\/03\/IMGP6798-1024x678.jpg\" alt=\"\" class=\"wp-image-1746\" srcset=\"https:\/\/kruczekrakanie.pl\/wp-content\/uploads\/2020\/03\/IMGP6798-1024x678.jpg 1024w, https:\/\/kruczekrakanie.pl\/wp-content\/uploads\/2020\/03\/IMGP6798-300x199.jpg 300w, https:\/\/kruczekrakanie.pl\/wp-content\/uploads\/2020\/03\/IMGP6798-768x509.jpg 768w, https:\/\/kruczekrakanie.pl\/wp-content\/uploads\/2020\/03\/IMGP6798-1536x1018.jpg 1536w, https:\/\/kruczekrakanie.pl\/wp-content\/uploads\/2020\/03\/IMGP6798.jpg 1920w\" sizes=\"auto, (max-width: 767px) 89vw, (max-width: 1000px) 54vw, (max-width: 1071px) 543px, 580px\" \/><figcaption><em>Planet Penguin w Loro Park<\/em><\/figcaption><\/figure><\/div>\n\n\n\n<div class=\"wp-block-image\"><figure class=\"aligncenter size-large\"><img loading=\"lazy\" decoding=\"async\" width=\"678\" height=\"1024\" src=\"https:\/\/kruczekrakanie.pl\/wp-content\/uploads\/2020\/03\/IMGP6866-1-678x1024.jpg\" alt=\"\" class=\"wp-image-1748\" srcset=\"https:\/\/kruczekrakanie.pl\/wp-content\/uploads\/2020\/03\/IMGP6866-1-678x1024.jpg 678w, https:\/\/kruczekrakanie.pl\/wp-content\/uploads\/2020\/03\/IMGP6866-1-199x300.jpg 199w, https:\/\/kruczekrakanie.pl\/wp-content\/uploads\/2020\/03\/IMGP6866-1-768x1159.jpg 768w, https:\/\/kruczekrakanie.pl\/wp-content\/uploads\/2020\/03\/IMGP6866-1-1018x1536.jpg 1018w, https:\/\/kruczekrakanie.pl\/wp-content\/uploads\/2020\/03\/IMGP6866-1.jpg 1272w\" sizes=\"auto, (max-width: 678px) 100vw, 678px\" \/><figcaption>Loro Park<\/figcaption><\/figure><\/div>\n\n\n\n<div class=\"wp-block-image\"><figure class=\"aligncenter\"><img loading=\"lazy\" decoding=\"async\" width=\"1024\" height=\"679\" src=\"https:\/\/kruczekrakanie.pl\/wp-content\/uploads\/2018\/10\/IMGP6903-1024x679.jpg\" alt=\"\" class=\"wp-image-530\" srcset=\"https:\/\/kruczekrakanie.pl\/wp-content\/uploads\/2018\/10\/IMGP6903-1024x679.jpg 1024w, https:\/\/kruczekrakanie.pl\/wp-content\/uploads\/2018\/10\/IMGP6903-300x199.jpg 300w, https:\/\/kruczekrakanie.pl\/wp-content\/uploads\/2018\/10\/IMGP6903-768x509.jpg 768w, https:\/\/kruczekrakanie.pl\/wp-content\/uploads\/2018\/10\/IMGP6903.jpg 2048w\" sizes=\"auto, (max-width: 767px) 89vw, (max-width: 1000px) 54vw, (max-width: 1071px) 543px, 580px\" \/><figcaption>Siam Park<\/figcaption><\/figure><\/div>\n\n\n\n<div class=\"wp-block-image\"><figure class=\"aligncenter\"><img loading=\"lazy\" decoding=\"async\" width=\"1024\" height=\"679\" src=\"https:\/\/kruczekrakanie.pl\/wp-content\/uploads\/2018\/10\/IMGP6932-1024x679.jpg\" alt=\"\" class=\"wp-image-529\" srcset=\"https:\/\/kruczekrakanie.pl\/wp-content\/uploads\/2018\/10\/IMGP6932-1024x679.jpg 1024w, https:\/\/kruczekrakanie.pl\/wp-content\/uploads\/2018\/10\/IMGP6932-300x199.jpg 300w, https:\/\/kruczekrakanie.pl\/wp-content\/uploads\/2018\/10\/IMGP6932-768x509.jpg 768w, https:\/\/kruczekrakanie.pl\/wp-content\/uploads\/2018\/10\/IMGP6932.jpg 2048w\" sizes=\"auto, (max-width: 767px) 89vw, (max-width: 1000px) 54vw, (max-width: 1071px) 543px, 580px\" \/><figcaption>Siam Park<\/figcaption><\/figure><\/div>\n\n\n\n<p class=\"wp-block-paragraph\">Wycieczka po wyspie.<\/p>\n\n\n\n<div class=\"wp-block-image\"><figure class=\"aligncenter size-large\"><img loading=\"lazy\" decoding=\"async\" width=\"1024\" height=\"678\" src=\"https:\/\/kruczekrakanie.pl\/wp-content\/uploads\/2020\/03\/IMGP7051-1024x678.jpg\" alt=\"\" class=\"wp-image-1749\" srcset=\"https:\/\/kruczekrakanie.pl\/wp-content\/uploads\/2020\/03\/IMGP7051-1024x678.jpg 1024w, https:\/\/kruczekrakanie.pl\/wp-content\/uploads\/2020\/03\/IMGP7051-300x199.jpg 300w, https:\/\/kruczekrakanie.pl\/wp-content\/uploads\/2020\/03\/IMGP7051-768x509.jpg 768w, https:\/\/kruczekrakanie.pl\/wp-content\/uploads\/2020\/03\/IMGP7051-1536x1018.jpg 1536w, https:\/\/kruczekrakanie.pl\/wp-content\/uploads\/2020\/03\/IMGP7051.jpg 1920w\" sizes=\"auto, (max-width: 767px) 89vw, (max-width: 1000px) 54vw, (max-width: 1071px) 543px, 580px\" \/><\/figure><\/div>\n\n\n\n<figure class=\"wp-block-image size-large\"><img loading=\"lazy\" decoding=\"async\" width=\"1024\" height=\"678\" src=\"https:\/\/kruczekrakanie.pl\/wp-content\/uploads\/2020\/03\/IMGP7123-1024x678.jpg\" alt=\"\" class=\"wp-image-1750\" srcset=\"https:\/\/kruczekrakanie.pl\/wp-content\/uploads\/2020\/03\/IMGP7123-1024x678.jpg 1024w, https:\/\/kruczekrakanie.pl\/wp-content\/uploads\/2020\/03\/IMGP7123-300x199.jpg 300w, https:\/\/kruczekrakanie.pl\/wp-content\/uploads\/2020\/03\/IMGP7123-768x509.jpg 768w, https:\/\/kruczekrakanie.pl\/wp-content\/uploads\/2020\/03\/IMGP7123-1536x1018.jpg 1536w, https:\/\/kruczekrakanie.pl\/wp-content\/uploads\/2020\/03\/IMGP7123.jpg 1920w\" sizes=\"auto, (max-width: 767px) 89vw, (max-width: 1000px) 54vw, (max-width: 1071px) 543px, 580px\" \/><\/figure>\n\n\n\n<div class=\"wp-block-image\"><figure class=\"aligncenter\"><img loading=\"lazy\" decoding=\"async\" width=\"679\" height=\"1024\" src=\"https:\/\/kruczekrakanie.pl\/wp-content\/uploads\/2018\/10\/IMGP7130-679x1024.jpg\" alt=\"\" class=\"wp-image-533\" srcset=\"https:\/\/kruczekrakanie.pl\/wp-content\/uploads\/2018\/10\/IMGP7130-679x1024.jpg 679w, https:\/\/kruczekrakanie.pl\/wp-content\/uploads\/2018\/10\/IMGP7130-199x300.jpg 199w, https:\/\/kruczekrakanie.pl\/wp-content\/uploads\/2018\/10\/IMGP7130-768x1159.jpg 768w, https:\/\/kruczekrakanie.pl\/wp-content\/uploads\/2018\/10\/IMGP7130.jpg 1357w\" sizes=\"auto, (max-width: 679px) 100vw, 679px\" \/><figcaption>Wysoko jeszcze le\u017cy \u015bnieg<\/figcaption><\/figure><\/div>\n\n\n\n<p class=\"wp-block-paragraph\">Odbyli\u015bmy kr\u00f3tk\u0105 wycieczk\u0119 stateczkiem w kierunku doliny Masca. Widzieli\u015bmy delfiny i p\u0142ywali\u015bmy w otwartym oceanie.<\/p>\n\n\n\n<div class=\"wp-block-image\"><figure class=\"aligncenter\"><img loading=\"lazy\" decoding=\"async\" width=\"1024\" height=\"683\" src=\"https:\/\/kruczekrakanie.pl\/wp-content\/uploads\/2018\/10\/IMGP7177-1024x683.jpg\" alt=\"\" class=\"wp-image-537\" srcset=\"https:\/\/kruczekrakanie.pl\/wp-content\/uploads\/2018\/10\/IMGP7177-1024x683.jpg 1024w, https:\/\/kruczekrakanie.pl\/wp-content\/uploads\/2018\/10\/IMGP7177-300x200.jpg 300w, https:\/\/kruczekrakanie.pl\/wp-content\/uploads\/2018\/10\/IMGP7177-768x512.jpg 768w, https:\/\/kruczekrakanie.pl\/wp-content\/uploads\/2018\/10\/IMGP7177.jpg 2048w\" sizes=\"auto, (max-width: 767px) 89vw, (max-width: 1000px) 54vw, (max-width: 1071px) 543px, 580px\" \/><figcaption>Delfiny p\u0142yn\u0105 z nami<\/figcaption><\/figure><\/div>\n\n\n\n<div class=\"wp-block-image\"><figure class=\"aligncenter\"><img loading=\"lazy\" decoding=\"async\" width=\"1024\" height=\"679\" src=\"https:\/\/kruczekrakanie.pl\/wp-content\/uploads\/2018\/10\/IMGP7242-1024x679.jpg\" alt=\"\" class=\"wp-image-536\" srcset=\"https:\/\/kruczekrakanie.pl\/wp-content\/uploads\/2018\/10\/IMGP7242-1024x679.jpg 1024w, https:\/\/kruczekrakanie.pl\/wp-content\/uploads\/2018\/10\/IMGP7242-300x199.jpg 300w, https:\/\/kruczekrakanie.pl\/wp-content\/uploads\/2018\/10\/IMGP7242-768x509.jpg 768w, https:\/\/kruczekrakanie.pl\/wp-content\/uploads\/2018\/10\/IMGP7242.jpg 2048w\" sizes=\"auto, (max-width: 767px) 89vw, (max-width: 1000px) 54vw, (max-width: 1071px) 543px, 580px\" \/><figcaption>Zach\u00f3d s\u0142o\u0144ca<\/figcaption><\/figure><\/div>\n\n\n\n<p class=\"wp-block-paragraph\">Wjechali\u015bmy kolejk\u0105 linow\u0105 na szczyt Teide (prawie wszyscy i prawie na szczyt \ud83d\ude42 ). Kolejka staruje z wysoko\u015bci 2 356 m n.p.m. (prawie tyle, co szczyt Rys\u00f3w) i doje\u017cd\u017ca na wysoko\u015b\u0107 3 555 m n.p.m.&nbsp; Sam szczyt jest jeszcze wy\u017cej &#8211; 3 718 m n.p.m.&nbsp;<\/p>\n\n\n\n<div class=\"wp-block-image\"><figure class=\"aligncenter\"><img loading=\"lazy\" decoding=\"async\" width=\"1024\" height=\"679\" src=\"https:\/\/kruczekrakanie.pl\/wp-content\/uploads\/2018\/10\/IMGP7389-1024x679.jpg\" alt=\"\" class=\"wp-image-538\" srcset=\"https:\/\/kruczekrakanie.pl\/wp-content\/uploads\/2018\/10\/IMGP7389-1024x679.jpg 1024w, https:\/\/kruczekrakanie.pl\/wp-content\/uploads\/2018\/10\/IMGP7389-300x199.jpg 300w, https:\/\/kruczekrakanie.pl\/wp-content\/uploads\/2018\/10\/IMGP7389-768x509.jpg 768w, https:\/\/kruczekrakanie.pl\/wp-content\/uploads\/2018\/10\/IMGP7389.jpg 2048w\" sizes=\"auto, (max-width: 767px) 89vw, (max-width: 1000px) 54vw, (max-width: 1071px) 543px, 580px\" \/><figcaption>Szczyt Teide po lewej<\/figcaption><\/figure><\/div>\n\n\n\n<div class=\"wp-block-image\"><figure class=\"aligncenter\"><img loading=\"lazy\" decoding=\"async\" width=\"1024\" height=\"679\" src=\"https:\/\/kruczekrakanie.pl\/wp-content\/uploads\/2018\/10\/IMGP7292-1024x679.jpg\" alt=\"\" class=\"wp-image-539\" srcset=\"https:\/\/kruczekrakanie.pl\/wp-content\/uploads\/2018\/10\/IMGP7292-1024x679.jpg 1024w, https:\/\/kruczekrakanie.pl\/wp-content\/uploads\/2018\/10\/IMGP7292-300x199.jpg 300w, https:\/\/kruczekrakanie.pl\/wp-content\/uploads\/2018\/10\/IMGP7292-768x509.jpg 768w, https:\/\/kruczekrakanie.pl\/wp-content\/uploads\/2018\/10\/IMGP7292.jpg 2048w\" sizes=\"auto, (max-width: 767px) 89vw, (max-width: 1000px) 54vw, (max-width: 1071px) 543px, 580px\" \/><figcaption>Chmury pod nogami<\/figcaption><\/figure><\/div>\n\n\n\n<p class=\"wp-block-paragraph\">Cze\u015b\u0107 dalsza zwiedzania to wizyta w naj-. Naj-wi\u0119kszej na wyspie twierdzy i naj-dalej na zach\u00f3d wysuni\u0119tym punkcie.<\/p>\n\n\n\n<div class=\"wp-block-image\"><figure class=\"aligncenter\"><img loading=\"lazy\" decoding=\"async\" width=\"1024\" height=\"679\" src=\"https:\/\/kruczekrakanie.pl\/wp-content\/uploads\/2018\/10\/IMGP7450-1024x679.jpg\" alt=\"\" class=\"wp-image-541\" srcset=\"https:\/\/kruczekrakanie.pl\/wp-content\/uploads\/2018\/10\/IMGP7450-1024x679.jpg 1024w, https:\/\/kruczekrakanie.pl\/wp-content\/uploads\/2018\/10\/IMGP7450-300x199.jpg 300w, https:\/\/kruczekrakanie.pl\/wp-content\/uploads\/2018\/10\/IMGP7450-768x509.jpg 768w, https:\/\/kruczekrakanie.pl\/wp-content\/uploads\/2018\/10\/IMGP7450.jpg 2048w\" sizes=\"auto, (max-width: 767px) 89vw, (max-width: 1000px) 54vw, (max-width: 1071px) 543px, 580px\" \/><figcaption>Najwi\u0119ksza twierdza wyspy \ud83d\ude42<\/figcaption><\/figure><\/div>\n\n\n\n<div class=\"wp-block-image\"><figure class=\"aligncenter size-large\"><img loading=\"lazy\" decoding=\"async\" width=\"1024\" height=\"678\" src=\"https:\/\/kruczekrakanie.pl\/wp-content\/uploads\/2020\/03\/IMGP7475-1024x678.jpg\" alt=\"\" class=\"wp-image-1751\" srcset=\"https:\/\/kruczekrakanie.pl\/wp-content\/uploads\/2020\/03\/IMGP7475-1024x678.jpg 1024w, https:\/\/kruczekrakanie.pl\/wp-content\/uploads\/2020\/03\/IMGP7475-300x199.jpg 300w, https:\/\/kruczekrakanie.pl\/wp-content\/uploads\/2020\/03\/IMGP7475-768x509.jpg 768w, https:\/\/kruczekrakanie.pl\/wp-content\/uploads\/2020\/03\/IMGP7475-1536x1018.jpg 1536w, https:\/\/kruczekrakanie.pl\/wp-content\/uploads\/2020\/03\/IMGP7475.jpg 1920w\" sizes=\"auto, (max-width: 767px) 89vw, (max-width: 1000px) 54vw, (max-width: 1071px) 543px, 580px\" \/><figcaption><em>Punta de Teno<\/em><\/figcaption><\/figure><\/div>\n\n\n\n<hr class=\"wp-block-separator\"\/>\n\n\n\n<p class=\"wp-block-paragraph\">Albumy ze zdj\u0119ciami<\/p>\n\n\n\n<ul class=\"wp-block-list\"><li>Wybrane zdj\u0119cia<\/li><li><a rel=\"noopener noreferrer\" href=\"https:\/\/photos.app.goo.gl\/xpDxF3w8m3FejYiu9\" target=\"_blank\">Loro Park<\/a><\/li><li><a rel=\"noopener noreferrer\" href=\"https:\/\/photos.app.goo.gl\/eF8FbPAXsBVgoJD18\" target=\"_blank\">Siam Park<\/a><\/li><li><a rel=\"noopener noreferrer\" href=\"https:\/\/photos.app.goo.gl\/aASu2PjN85dLrpxUA\" target=\"_blank\">Objazd\u00f3wka<\/a><\/li><li><a rel=\"noopener noreferrer\" href=\"https:\/\/photos.app.goo.gl\/nDu7MppQ754TBzBs9\" target=\"_blank\">Delfiny i zach\u00f3d s\u0142o\u0144ca<\/a><\/li><li><a rel=\"noopener noreferrer\" href=\"https:\/\/photos.app.goo.gl\/jTw5EmtQ3KZr9T8p7\" target=\"_blank\">Wulkan Teide<\/a><\/li><li><a rel=\"noopener noreferrer\" href=\"https:\/\/photos.app.goo.gl\/mfyGbcF5pUSqnpAv5\" target=\"_blank\">Druga objazd\u00f3wka<\/a><\/li><li><a rel=\"noopener noreferrer\" href=\"https:\/\/photos.app.goo.gl\/TpdTQ8XSZ5iEqgV47\" target=\"_blank\">Zdj\u0119cia Ireny<\/a><\/li><\/ul>\n\n\n\n<div class=\"wp-block-image\"><figure class=\"aligncenter\"><img loading=\"lazy\" decoding=\"async\" width=\"1024\" height=\"679\" src=\"https:\/\/kruczekrakanie.pl\/wp-content\/uploads\/2018\/10\/IMGP7520-1024x679.jpg\" alt=\"\" class=\"wp-image-542\" srcset=\"https:\/\/kruczekrakanie.pl\/wp-content\/uploads\/2018\/10\/IMGP7520-1024x679.jpg 1024w, https:\/\/kruczekrakanie.pl\/wp-content\/uploads\/2018\/10\/IMGP7520-300x199.jpg 300w, https:\/\/kruczekrakanie.pl\/wp-content\/uploads\/2018\/10\/IMGP7520-768x509.jpg 768w, https:\/\/kruczekrakanie.pl\/wp-content\/uploads\/2018\/10\/IMGP7520.jpg 2048w\" sizes=\"auto, (max-width: 767px) 89vw, (max-width: 1000px) 54vw, (max-width: 1071px) 543px, 580px\" \/><figcaption>Widok z hotelu<\/figcaption><\/figure><\/div>\n\n\n\n<hr class=\"wp-block-separator\"\/>\n\n\n\n<p class=\"wp-block-paragraph\"><ul class=\"display-posts-listing\"><li class=\"listing-item\"><a class=\"title\" href=\"https:\/\/kruczekrakanie.pl\/index.php\/2016\/03\/25\/loro-park\/\">Loro Park<\/a><\/li><li class=\"listing-item\"><a class=\"title\" href=\"https:\/\/kruczekrakanie.pl\/index.php\/2018\/10\/13\/ognioodporne-sosny\/\">Ognioodporne sosny<\/a><\/li><li class=\"listing-item\"><a class=\"title\" href=\"https:\/\/kruczekrakanie.pl\/index.php\/2016\/03\/30\/wulkan-teide\/\">Wulkan Teide<\/a><\/li><\/ul><\/p>\n","protected":false},"excerpt":{"rendered":"<p>Ferie zimowe 2016 r. sp\u0119dzili\u015bmy na Teneryfie. To nasza druga wizyta na tej wyspie, ale jest ona du\u017ca i jest co zwiedza\u0107. Tym razem zaliczyli\u015bmy Loro Parki i Siam Park &#8211; powt\u00f3rka, ale poprzednio nam si\u0119 podoba\u0142o. Zwiedzili\u015bmy ciekawe fragmenty wybrze\u017ca i wn\u0119trze wyspy. P\u0142ywali\u015bmy z delfinami i wjechali\u015bmy kolejk\u0105 na szczyt wulkanu Teide. Odwiedzili\u015bmy &hellip; <\/p>\n<p class=\"link-more\"><a href=\"https:\/\/kruczekrakanie.pl\/index.php\/2016\/03\/30\/wulkan-teide\/\" class=\"more-link\">Czytaj dalej<span class=\"screen-reader-text\"> \u201eWulkan Teide\u201d<\/span><\/a><\/p>\n","protected":false},"author":2,"featured_media":1753,"parent":101,"menu_order":0,"comment_status":"closed","ping_status":"closed","template":"","meta":{"_crdt_document":"","ngg_post_thumbnail":0,"footnotes":""},"class_list":["post-528","page","type-page","status-publish","has-post-thumbnail","hentry"],"_links":{"self":[{"href":"https:\/\/kruczekrakanie.pl\/index.php\/wp-json\/wp\/v2\/pages\/528","targetHints":{"allow":["GET"]}}],"collection":[{"href":"https:\/\/kruczekrakanie.pl\/index.php\/wp-json\/wp\/v2\/pages"}],"about":[{"href":"https:\/\/kruczekrakanie.pl\/index.php\/wp-json\/wp\/v2\/types\/page"}],"author":[{"embeddable":true,"href":"https:\/\/kruczekrakanie.pl\/index.php\/wp-json\/wp\/v2\/users\/2"}],"replies":[{"embeddable":true,"href":"https:\/\/kruczekrakanie.pl\/index.php\/wp-json\/wp\/v2\/comments?post=528"}],"version-history":[{"count":6,"href":"https:\/\/kruczekrakanie.pl\/index.php\/wp-json\/wp\/v2\/pages\/528\/revisions"}],"predecessor-version":[{"id":1752,"href":"https:\/\/kruczekrakanie.pl\/index.php\/wp-json\/wp\/v2\/pages\/528\/revisions\/1752"}],"up":[{"embeddable":true,"href":"https:\/\/kruczekrakanie.pl\/index.php\/wp-json\/wp\/v2\/pages\/101"}],"wp:featuredmedia":[{"embeddable":true,"href":"https:\/\/kruczekrakanie.pl\/index.php\/wp-json\/wp\/v2\/media\/1753"}],"wp:attachment":[{"href":"https:\/\/kruczekrakanie.pl\/index.php\/wp-json\/wp\/v2\/media?parent=528"}],"curies":[{"name":"wp","href":"https:\/\/api.w.org\/{rel}","templated":true}]}}