{"id":508,"date":"2016-06-16T19:57:14","date_gmt":"2016-06-16T19:57:14","guid":{"rendered":"http:\/\/kruczekrakanie.pl\/?page_id=508"},"modified":"2019-04-14T09:21:00","modified_gmt":"2019-04-14T09:21:00","slug":"wieden-i-chorwacja-2016","status":"publish","type":"page","link":"https:\/\/kruczekrakanie.pl\/index.php\/wycieczki\/wieden-i-chorwacja-2016\/","title":{"rendered":"Wiede\u0144 i Chorwacja 2016"},"content":{"rendered":"\n<p class=\"wp-block-paragraph\">Wakacje 2016 to parodniowy pobyt w Wiedniu a potem Chorwacja. Stolica Austrii pod znakiem muze\u00f3w a wybrze\u017ce Adriatyku z naciskiem na parki narodowe.<\/p>\n\n\n\n<hr class=\"wp-block-separator\"\/>\n\n\n\n<p class=\"wp-block-paragraph\">Wybrane zdj\u0119cia z Wiednia<\/p>\n\n\n\n<div class=\"wp-block-image\"><figure class=\"aligncenter\"><img loading=\"lazy\" decoding=\"async\" width=\"1024\" height=\"679\" src=\"https:\/\/kruczekrakanie.pl\/wp-content\/uploads\/2018\/10\/IMGP8086-1024x679.jpg\" alt=\"\" class=\"wp-image-511\" srcset=\"https:\/\/kruczekrakanie.pl\/wp-content\/uploads\/2018\/10\/IMGP8086-1024x679.jpg 1024w, https:\/\/kruczekrakanie.pl\/wp-content\/uploads\/2018\/10\/IMGP8086-300x199.jpg 300w, https:\/\/kruczekrakanie.pl\/wp-content\/uploads\/2018\/10\/IMGP8086-768x509.jpg 768w, https:\/\/kruczekrakanie.pl\/wp-content\/uploads\/2018\/10\/IMGP8086.jpg 2048w\" sizes=\"auto, (max-width: 767px) 89vw, (max-width: 1000px) 54vw, (max-width: 1071px) 543px, 580px\" \/><\/figure><\/div>\n\n\n\n<div class=\"wp-block-image\"><figure class=\"aligncenter\"><img loading=\"lazy\" decoding=\"async\" width=\"679\" height=\"1024\" src=\"https:\/\/kruczekrakanie.pl\/wp-content\/uploads\/2018\/10\/IMGP8063-679x1024.jpg\" alt=\"\" class=\"wp-image-512\" srcset=\"https:\/\/kruczekrakanie.pl\/wp-content\/uploads\/2018\/10\/IMGP8063-679x1024.jpg 679w, https:\/\/kruczekrakanie.pl\/wp-content\/uploads\/2018\/10\/IMGP8063-199x300.jpg 199w, https:\/\/kruczekrakanie.pl\/wp-content\/uploads\/2018\/10\/IMGP8063-768x1159.jpg 768w, https:\/\/kruczekrakanie.pl\/wp-content\/uploads\/2018\/10\/IMGP8063.jpg 1357w\" sizes=\"auto, (max-width: 679px) 100vw, 679px\" \/><\/figure><\/div>\n\n\n\n<div class=\"wp-block-image\"><figure class=\"aligncenter\"><img loading=\"lazy\" decoding=\"async\" width=\"1024\" height=\"679\" src=\"https:\/\/kruczekrakanie.pl\/wp-content\/uploads\/2018\/10\/IMGP8128-1024x679.jpg\" alt=\"\" class=\"wp-image-510\" srcset=\"https:\/\/kruczekrakanie.pl\/wp-content\/uploads\/2018\/10\/IMGP8128-1024x679.jpg 1024w, https:\/\/kruczekrakanie.pl\/wp-content\/uploads\/2018\/10\/IMGP8128-300x199.jpg 300w, https:\/\/kruczekrakanie.pl\/wp-content\/uploads\/2018\/10\/IMGP8128-768x509.jpg 768w, https:\/\/kruczekrakanie.pl\/wp-content\/uploads\/2018\/10\/IMGP8128.jpg 2048w\" sizes=\"auto, (max-width: 767px) 89vw, (max-width: 1000px) 54vw, (max-width: 1071px) 543px, 580px\" \/><\/figure><\/div>\n\n\n\n<div class=\"wp-block-image\"><figure class=\"aligncenter\"><img loading=\"lazy\" decoding=\"async\" width=\"679\" height=\"1024\" src=\"https:\/\/kruczekrakanie.pl\/wp-content\/uploads\/2018\/10\/IMGP8338-679x1024.jpg\" alt=\"\" class=\"wp-image-509\" srcset=\"https:\/\/kruczekrakanie.pl\/wp-content\/uploads\/2018\/10\/IMGP8338-679x1024.jpg 679w, https:\/\/kruczekrakanie.pl\/wp-content\/uploads\/2018\/10\/IMGP8338-199x300.jpg 199w, https:\/\/kruczekrakanie.pl\/wp-content\/uploads\/2018\/10\/IMGP8338-768x1159.jpg 768w, https:\/\/kruczekrakanie.pl\/wp-content\/uploads\/2018\/10\/IMGP8338.jpg 1357w\" sizes=\"auto, (max-width: 679px) 100vw, 679px\" \/><\/figure><\/div>\n\n\n\n<hr class=\"wp-block-separator\"\/>\n\n\n\n<p class=\"wp-block-paragraph\">W Chorwacji zatrzymali\u015bmy si\u0119 na wyspie Murter, czyli gdzie\u015b w po\u0142owie wybrze\u017ca. Zwiedzili\u015bmy Szybenik (\u0142adny), pop\u0142yn\u0119li\u015bmy w rejs na Wyspy Kornati, zwiedzili\u015bmy Park Narodowy Rzeki Krka. Potem upalna pogoda nas pokona\u0142a &#8211; w trasie powrotnej zahaczyli\u015bmy jeszcze o Park Narodowy Jezior Plitwickich.<\/p>\n\n\n\n<p class=\"wp-block-paragraph\">Wybrane zdj\u0119cia z Chorwacji.<\/p>\n\n\n\n<div class=\"wp-block-image\"><figure class=\"aligncenter\"><img loading=\"lazy\" decoding=\"async\" width=\"1024\" height=\"679\" src=\"https:\/\/kruczekrakanie.pl\/wp-content\/uploads\/2018\/10\/IMGP8410-1024x679.jpg\" alt=\"\" class=\"wp-image-519\" srcset=\"https:\/\/kruczekrakanie.pl\/wp-content\/uploads\/2018\/10\/IMGP8410-1024x679.jpg 1024w, https:\/\/kruczekrakanie.pl\/wp-content\/uploads\/2018\/10\/IMGP8410-300x199.jpg 300w, https:\/\/kruczekrakanie.pl\/wp-content\/uploads\/2018\/10\/IMGP8410-768x509.jpg 768w, https:\/\/kruczekrakanie.pl\/wp-content\/uploads\/2018\/10\/IMGP8410.jpg 2048w\" sizes=\"auto, (max-width: 767px) 89vw, (max-width: 1000px) 54vw, (max-width: 1071px) 543px, 580px\" \/><\/figure><\/div>\n\n\n\n<div class=\"wp-block-image\"><figure class=\"aligncenter\"><img loading=\"lazy\" decoding=\"async\" width=\"1024\" height=\"679\" src=\"https:\/\/kruczekrakanie.pl\/wp-content\/uploads\/2018\/10\/IMGP8612-1024x679.jpg\" alt=\"\" class=\"wp-image-518\" srcset=\"https:\/\/kruczekrakanie.pl\/wp-content\/uploads\/2018\/10\/IMGP8612-1024x679.jpg 1024w, https:\/\/kruczekrakanie.pl\/wp-content\/uploads\/2018\/10\/IMGP8612-300x199.jpg 300w, https:\/\/kruczekrakanie.pl\/wp-content\/uploads\/2018\/10\/IMGP8612-768x509.jpg 768w, https:\/\/kruczekrakanie.pl\/wp-content\/uploads\/2018\/10\/IMGP8612.jpg 2048w\" sizes=\"auto, (max-width: 767px) 89vw, (max-width: 1000px) 54vw, (max-width: 1071px) 543px, 580px\" \/><figcaption>Rzeka Krka<\/figcaption><\/figure><\/div>\n\n\n\n<div class=\"wp-block-image\"><figure class=\"aligncenter\"><img loading=\"lazy\" decoding=\"async\" width=\"1024\" height=\"679\" src=\"https:\/\/kruczekrakanie.pl\/wp-content\/uploads\/2018\/10\/IMGP8703-1024x679.jpg\" alt=\"\" class=\"wp-image-517\" srcset=\"https:\/\/kruczekrakanie.pl\/wp-content\/uploads\/2018\/10\/IMGP8703-1024x679.jpg 1024w, https:\/\/kruczekrakanie.pl\/wp-content\/uploads\/2018\/10\/IMGP8703-300x199.jpg 300w, https:\/\/kruczekrakanie.pl\/wp-content\/uploads\/2018\/10\/IMGP8703-768x509.jpg 768w, https:\/\/kruczekrakanie.pl\/wp-content\/uploads\/2018\/10\/IMGP8703.jpg 2048w\" sizes=\"auto, (max-width: 767px) 89vw, (max-width: 1000px) 54vw, (max-width: 1071px) 543px, 580px\" \/><figcaption>Wyspy Kornati<\/figcaption><\/figure><\/div>\n\n\n\n<div class=\"wp-block-image\"><figure class=\"aligncenter\"><img loading=\"lazy\" decoding=\"async\" width=\"679\" height=\"1024\" src=\"https:\/\/kruczekrakanie.pl\/wp-content\/uploads\/2018\/10\/IMGP8902-679x1024.jpg\" alt=\"\" class=\"wp-image-516\" srcset=\"https:\/\/kruczekrakanie.pl\/wp-content\/uploads\/2018\/10\/IMGP8902-679x1024.jpg 679w, https:\/\/kruczekrakanie.pl\/wp-content\/uploads\/2018\/10\/IMGP8902-199x300.jpg 199w, https:\/\/kruczekrakanie.pl\/wp-content\/uploads\/2018\/10\/IMGP8902-768x1159.jpg 768w, https:\/\/kruczekrakanie.pl\/wp-content\/uploads\/2018\/10\/IMGP8902.jpg 1357w\" sizes=\"auto, (max-width: 679px) 100vw, 679px\" \/><figcaption>Jeziora Plitwickie<\/figcaption><\/figure><\/div>\n\n\n\n<div class=\"wp-block-image\"><figure class=\"aligncenter\"><img loading=\"lazy\" decoding=\"async\" width=\"1024\" height=\"682\" src=\"https:\/\/kruczekrakanie.pl\/wp-content\/uploads\/2018\/10\/DSCF2972-1024x682.jpg\" alt=\"\" class=\"wp-image-515\" srcset=\"https:\/\/kruczekrakanie.pl\/wp-content\/uploads\/2018\/10\/DSCF2972-1024x682.jpg 1024w, https:\/\/kruczekrakanie.pl\/wp-content\/uploads\/2018\/10\/DSCF2972-300x200.jpg 300w, https:\/\/kruczekrakanie.pl\/wp-content\/uploads\/2018\/10\/DSCF2972-768x512.jpg 768w, https:\/\/kruczekrakanie.pl\/wp-content\/uploads\/2018\/10\/DSCF2972.jpg 2048w\" sizes=\"auto, (max-width: 767px) 89vw, (max-width: 1000px) 54vw, (max-width: 1071px) 543px, 580px\" \/><figcaption>Wyspa Murter<\/figcaption><\/figure><\/div>\n\n\n\n<hr class=\"wp-block-separator\"\/>\n\n\n\n<p class=\"wp-block-paragraph\">Zdj\u0119cia z tego wyjazdu<\/p>\n\n\n\n<ul class=\"wp-block-list\"><li><a href=\"https:\/\/photos.app.goo.gl\/7ycTYrHpgnC9dsmT9\" target=\"_blank\" rel=\"noopener noreferrer\">Dzie\u0144 1 &#8211; Wiede\u0144<\/a><\/li><li><a href=\"https:\/\/photos.app.goo.gl\/kpnBTViVwkKXuiZ9A\" target=\"_blank\" rel=\"noopener noreferrer\">Dzie\u0144 2 &#8211; pa\u0142ace i muzea w Wiedniu<\/a><\/li><li><a href=\"https:\/\/photos.app.goo.gl\/sS6FcdJ6y6Y4R5uJ6\" target=\"_blank\" rel=\"noopener noreferrer\">Dzie\u0144 3 &#8211; park rozrywki Prater<\/a><\/li><li><a href=\"https:\/\/photos.app.goo.gl\/eiAWt1B4nu1hx2gi8\" target=\"_blank\" rel=\"noopener noreferrer\">Dzie\u0144 4 &#8211; Muzeum Historii Naturalnej<\/a><\/li><li><a href=\"https:\/\/photos.app.goo.gl\/kepT6xbqPYCK4tXc7\" target=\"_blank\" rel=\"noopener noreferrer\">Dzie\u0144 6 &#8211; Szybenik w Chorwacji<\/a><\/li><li><a href=\"https:\/\/goo.gl\/photos\/mbkv1aNrCGaNaadD8\" target=\"_blank\" rel=\"noopener noreferrer\">Dzie\u0144 7 &#8211; Park Narodowy Krka<\/a><\/li><li><a href=\"https:\/\/photos.app.goo.gl\/iEMCie1SYeo1KE4W8\" target=\"_blank\" rel=\"noopener noreferrer\">Dzie\u0144 8 &#8211; Park Narodowy Wysp Kornati<\/a><\/li><li><a href=\"https:\/\/photos.app.goo.gl\/PAKTje9jMj9HXwHv8\" target=\"_blank\" rel=\"noopener noreferrer\">Dzie\u0144 9 &#8211; Park Narodowy Jeziora Plitwickie<\/a><\/li><li><a href=\"https:\/\/photos.app.goo.gl\/Nb7ycLqv3Y3jf9v67\" target=\"_blank\" rel=\"noopener noreferrer\">Dzie\u0144 10 &#8211; powr\u00f3t, Prater po raz drugi<\/a><\/li><li><a href=\"https:\/\/photos.app.goo.gl\/TDDxXFSXS6wAbYtYA\" target=\"_blank\" rel=\"noopener noreferrer\">Zdj\u0119cia z drugiego aparatu<\/a><\/li><\/ul>\n\n\n\n<hr class=\"wp-block-separator\"\/>\n\n\n\n<p class=\"wp-block-paragraph\"><ul class=\"display-posts-listing\"><li class=\"listing-item\"><a class=\"title\" href=\"https:\/\/kruczekrakanie.pl\/index.php\/2016\/06\/28\/die-schwarze-mamba\/\">Die Schwarze Mamba<\/a><\/li><\/ul><\/p>\n","protected":false},"excerpt":{"rendered":"<p>Wakacje 2016 to parodniowy pobyt w Wiedniu a potem Chorwacja. Stolica Austrii pod znakiem muze\u00f3w a wybrze\u017ce Adriatyku z naciskiem na parki narodowe. Wybrane zdj\u0119cia z Wiednia W Chorwacji zatrzymali\u015bmy si\u0119 na wyspie Murter, czyli gdzie\u015b w po\u0142owie wybrze\u017ca. Zwiedzili\u015bmy Szybenik (\u0142adny), pop\u0142yn\u0119li\u015bmy w rejs na Wyspy Kornati, zwiedzili\u015bmy Park Narodowy Rzeki Krka. Potem upalna &hellip; <\/p>\n<p class=\"link-more\"><a href=\"https:\/\/kruczekrakanie.pl\/index.php\/2016\/06\/28\/die-schwarze-mamba\/\" class=\"more-link\">Czytaj dalej<span class=\"screen-reader-text\"> \u201eDie Schwarze Mamba\u201d<\/span><\/a><\/p>\n","protected":false},"author":2,"featured_media":1014,"parent":101,"menu_order":0,"comment_status":"closed","ping_status":"closed","template":"","meta":{"_crdt_document":"","ngg_post_thumbnail":0,"footnotes":""},"class_list":["post-508","page","type-page","status-publish","has-post-thumbnail","hentry"],"_links":{"self":[{"href":"https:\/\/kruczekrakanie.pl\/index.php\/wp-json\/wp\/v2\/pages\/508","targetHints":{"allow":["GET"]}}],"collection":[{"href":"https:\/\/kruczekrakanie.pl\/index.php\/wp-json\/wp\/v2\/pages"}],"about":[{"href":"https:\/\/kruczekrakanie.pl\/index.php\/wp-json\/wp\/v2\/types\/page"}],"author":[{"embeddable":true,"href":"https:\/\/kruczekrakanie.pl\/index.php\/wp-json\/wp\/v2\/users\/2"}],"replies":[{"embeddable":true,"href":"https:\/\/kruczekrakanie.pl\/index.php\/wp-json\/wp\/v2\/comments?post=508"}],"version-history":[{"count":5,"href":"https:\/\/kruczekrakanie.pl\/index.php\/wp-json\/wp\/v2\/pages\/508\/revisions"}],"predecessor-version":[{"id":1214,"href":"https:\/\/kruczekrakanie.pl\/index.php\/wp-json\/wp\/v2\/pages\/508\/revisions\/1214"}],"up":[{"embeddable":true,"href":"https:\/\/kruczekrakanie.pl\/index.php\/wp-json\/wp\/v2\/pages\/101"}],"wp:featuredmedia":[{"embeddable":true,"href":"https:\/\/kruczekrakanie.pl\/index.php\/wp-json\/wp\/v2\/media\/1014"}],"wp:attachment":[{"href":"https:\/\/kruczekrakanie.pl\/index.php\/wp-json\/wp\/v2\/media?parent=508"}],"curies":[{"name":"wp","href":"https:\/\/api.w.org\/{rel}","templated":true}]}}