{"id":3840,"date":"2022-10-10T19:15:11","date_gmt":"2022-10-10T19:15:11","guid":{"rendered":"http:\/\/kruczekrakanie.pl\/?page_id=3840"},"modified":"2022-10-11T06:51:00","modified_gmt":"2022-10-11T06:51:00","slug":"maramuresz-classic-2022","status":"publish","type":"page","link":"https:\/\/kruczekrakanie.pl\/index.php\/maramuresz-classic-2022\/","title":{"rendered":"Maramuresz Classic 2022"},"content":{"rendered":"\n<p class=\"wp-block-paragraph\">Jecha\u0107&#8230; nie jecha\u0107&#8230; jecha\u0107&#8230; nie jecha\u0107&#8230; Dobra, jecha\u0107!<\/p>\n\n\n\n<p class=\"wp-block-paragraph\">Na Maramuresz Classic do Serbii czy do Rumunii, jednym autem? Serbia czy Rumunia? Serbia czy Rumunia? Dobra, Rumunia!<\/p>\n\n\n\n<p class=\"wp-block-paragraph\">Autostrada na wysoko\u015bci Budapesztu: &#8222;W sumie do tej Serbii, to nie jest ju\u017c tak daleko&#8230;&#8221;. Dobra, zmiana plan\u00f3w! B\u0119dzie Serbia.<\/p>\n\n\n\n<p class=\"wp-block-paragraph\">I tak ca\u0142y tydzie\u0144 \ud83d\ude00<\/p>\n\n\n\n<p class=\"wp-block-paragraph\">Wysz\u0142o fajnie. Pogoda by\u0142a ok, widoki z r\u0119ki jad\u0142y.<\/p>\n\n\n\n<p class=\"wp-block-paragraph\">Trasa przebiega\u0142a z Pirotu w Serbii a\u017c w pasmo g\u00f3rskie Muntele Mare w Rumunii.<\/p>\n\n\n\n<figure class=\"wp-block-image size-full\"><img loading=\"lazy\" decoding=\"async\" width=\"766\" height=\"757\" src=\"https:\/\/kruczekrakanie.pl\/wp-content\/uploads\/2022\/10\/maramuresz-classic-2022.png\" alt=\"\" class=\"wp-image-3981\" srcset=\"https:\/\/kruczekrakanie.pl\/wp-content\/uploads\/2022\/10\/maramuresz-classic-2022.png 766w, https:\/\/kruczekrakanie.pl\/wp-content\/uploads\/2022\/10\/maramuresz-classic-2022-300x296.png 300w, https:\/\/kruczekrakanie.pl\/wp-content\/uploads\/2022\/10\/maramuresz-classic-2022-100x100.png 100w\" sizes=\"auto, (max-width: 706px) 89vw, (max-width: 767px) 82vw, 740px\" \/><figcaption class=\"wp-element-caption\">Trasa wycieczki<\/figcaption><\/figure>\n\n\n\n<p class=\"wp-block-paragraph\"><\/p>\n\n\n\n<hr class=\"wp-block-separator has-alpha-channel-opacity\"\/>\n\n\n\nngg_shortcode_0_placeholder\n\n\n\n<p class=\"wp-block-paragraph\"><\/p>\n\n\n\n<hr class=\"wp-block-separator has-alpha-channel-opacity\"\/>\n\n\n\n<p class=\"wp-block-paragraph\">Wspominki:<\/p>\n\n\n\n<p class=\"wp-block-paragraph\"><ul class=\"display-posts-listing\"><li class=\"listing-item\"><a class=\"title\" href=\"https:\/\/kruczekrakanie.pl\/index.php\/2022\/10\/16\/maramuresz-classic-2022-panoramy\/\">Maramuresz Classic 2022 &#8211; panoramy<\/a><\/li><li class=\"listing-item\"><a class=\"title\" href=\"https:\/\/kruczekrakanie.pl\/index.php\/2022\/11\/14\/maramuresz-classic-2022-trascau\/\">Maramuresz Classic 2022 &#8211; Trascau<\/a><\/li><li class=\"listing-item\"><a class=\"title\" href=\"https:\/\/kruczekrakanie.pl\/index.php\/2022\/11\/17\/maramuresz-classic-2022-zdjecia-pawla\/\">Maramuresz Classic 2022 &#8211; zdj\u0119cia Paw\u0142a<\/a><\/li><li class=\"listing-item\"><a class=\"title\" href=\"https:\/\/kruczekrakanie.pl\/index.php\/2022\/11\/14\/serbia-w-gore\/\">Serbia &#8211; w g\u00f3r\u0119!<\/a><\/li><li class=\"listing-item\"><a class=\"title\" href=\"https:\/\/kruczekrakanie.pl\/index.php\/2022\/10\/10\/zdjecia-z-maramuresz-classic-2022\/\">Zdj\u0119cia z Maramuresz Classic 2022<\/a><\/li><\/ul><\/p>\n","protected":false},"excerpt":{"rendered":"<p>Jecha\u0107&#8230; nie jecha\u0107&#8230; jecha\u0107&#8230; nie jecha\u0107&#8230; Dobra, jecha\u0107! Na Maramuresz Classic do Serbii czy do Rumunii, jednym autem? Serbia czy Rumunia? Serbia czy Rumunia? Dobra, Rumunia! Autostrada na wysoko\u015bci Budapesztu: &#8222;W sumie do tej Serbii, to nie jest ju\u017c tak daleko&#8230;&#8221;. Dobra, zmiana plan\u00f3w! B\u0119dzie Serbia. I tak ca\u0142y tydzie\u0144 \ud83d\ude00 Wysz\u0142o fajnie. Pogoda by\u0142a &hellip; <\/p>\n<p class=\"link-more\"><a href=\"https:\/\/kruczekrakanie.pl\/index.php\/2022\/10\/10\/zdjecia-z-maramuresz-classic-2022\/\" class=\"more-link\">Czytaj dalej<span class=\"screen-reader-text\"> \u201eZdj\u0119cia z Maramuresz Classic 2022\u201d<\/span><\/a><\/p>\n","protected":false},"author":2,"featured_media":3987,"parent":0,"menu_order":0,"comment_status":"closed","ping_status":"closed","template":"","meta":{"_crdt_document":"","ngg_post_thumbnail":0,"footnotes":""},"class_list":["post-3840","page","type-page","status-publish","has-post-thumbnail","hentry"],"_links":{"self":[{"href":"https:\/\/kruczekrakanie.pl\/index.php\/wp-json\/wp\/v2\/pages\/3840","targetHints":{"allow":["GET"]}}],"collection":[{"href":"https:\/\/kruczekrakanie.pl\/index.php\/wp-json\/wp\/v2\/pages"}],"about":[{"href":"https:\/\/kruczekrakanie.pl\/index.php\/wp-json\/wp\/v2\/types\/page"}],"author":[{"embeddable":true,"href":"https:\/\/kruczekrakanie.pl\/index.php\/wp-json\/wp\/v2\/users\/2"}],"replies":[{"embeddable":true,"href":"https:\/\/kruczekrakanie.pl\/index.php\/wp-json\/wp\/v2\/comments?post=3840"}],"version-history":[{"count":2,"href":"https:\/\/kruczekrakanie.pl\/index.php\/wp-json\/wp\/v2\/pages\/3840\/revisions"}],"predecessor-version":[{"id":3982,"href":"https:\/\/kruczekrakanie.pl\/index.php\/wp-json\/wp\/v2\/pages\/3840\/revisions\/3982"}],"wp:featuredmedia":[{"embeddable":true,"href":"https:\/\/kruczekrakanie.pl\/index.php\/wp-json\/wp\/v2\/media\/3987"}],"wp:attachment":[{"href":"https:\/\/kruczekrakanie.pl\/index.php\/wp-json\/wp\/v2\/media?parent=3840"}],"curies":[{"name":"wp","href":"https:\/\/api.w.org\/{rel}","templated":true}]}}