{"id":3741,"date":"2022-07-14T18:41:35","date_gmt":"2022-07-14T18:41:35","guid":{"rendered":"http:\/\/kruczekrakanie.pl\/?page_id=3741"},"modified":"2022-07-14T19:12:20","modified_gmt":"2022-07-14T19:12:20","slug":"wakacje-2022","status":"publish","type":"page","link":"https:\/\/kruczekrakanie.pl\/index.php\/wycieczki\/wakacje-2022\/","title":{"rendered":"Wakacje 2022 &#8211; PL, DE, A, I, SLO"},"content":{"rendered":"\n<p class=\"wp-block-paragraph\">Tym razem na po\u0142udnie. Trzeba korzysta\u0107, bo przerwa w pandemii&#8230;<\/p>\n\n\n\n<p class=\"wp-block-paragraph\">Zacz\u0119li\u015bmy w Kotlinie K\u0142odzkiej. By\u0142a Twierdza Srebna G\u00f3ra, B\u0142\u0119dne Ska\u0142y, Szczeliniec i miasto K\u0142odzko.<\/p>\n\n\n\n<figure class=\"wp-block-image size-large\"><img loading=\"lazy\" decoding=\"async\" width=\"1024\" height=\"681\" src=\"https:\/\/kruczekrakanie.pl\/wp-content\/uploads\/2022\/07\/IMGP0415-1024x681.jpg\" alt=\"\" class=\"wp-image-3742\" srcset=\"https:\/\/kruczekrakanie.pl\/wp-content\/uploads\/2022\/07\/IMGP0415-1024x681.jpg 1024w, https:\/\/kruczekrakanie.pl\/wp-content\/uploads\/2022\/07\/IMGP0415-300x200.jpg 300w, https:\/\/kruczekrakanie.pl\/wp-content\/uploads\/2022\/07\/IMGP0415-768x511.jpg 768w, https:\/\/kruczekrakanie.pl\/wp-content\/uploads\/2022\/07\/IMGP0415-1536x1022.jpg 1536w, https:\/\/kruczekrakanie.pl\/wp-content\/uploads\/2022\/07\/IMGP0415.jpg 1920w\" sizes=\"auto, (max-width: 767px) 89vw, (max-width: 1000px) 54vw, (max-width: 1071px) 543px, 580px\" \/><\/figure>\n\n\n\n<p class=\"wp-block-paragraph\">Byli\u015bmy te\u017c w Czechach, na<a href=\"https:\/\/www.dolnimorava.cz\/pl\/sky-bridge-721\" target=\"_blank\" rel=\"noreferrer noopener\"> 721-metrowym mo\u015bcie linowym.<\/a><\/p>\n\n\n\n<figure class=\"wp-block-image size-large\"><img loading=\"lazy\" decoding=\"async\" width=\"1024\" height=\"681\" src=\"https:\/\/kruczekrakanie.pl\/wp-content\/uploads\/2022\/07\/IMGP0354-1024x681.jpg\" alt=\"\" class=\"wp-image-3743\" srcset=\"https:\/\/kruczekrakanie.pl\/wp-content\/uploads\/2022\/07\/IMGP0354-1024x681.jpg 1024w, https:\/\/kruczekrakanie.pl\/wp-content\/uploads\/2022\/07\/IMGP0354-300x200.jpg 300w, https:\/\/kruczekrakanie.pl\/wp-content\/uploads\/2022\/07\/IMGP0354-768x511.jpg 768w, https:\/\/kruczekrakanie.pl\/wp-content\/uploads\/2022\/07\/IMGP0354-1536x1022.jpg 1536w, https:\/\/kruczekrakanie.pl\/wp-content\/uploads\/2022\/07\/IMGP0354.jpg 1920w\" sizes=\"auto, (max-width: 767px) 89vw, (max-width: 1000px) 54vw, (max-width: 1071px) 543px, 580px\" \/><\/figure>\n\n\n\n<p class=\"wp-block-paragraph\">Potem przelot przez Austri\u0119, do Niemiec, w okolic\u0119 jeziora Chiemsee, z pa\u0142acem Ludwika II (chyba &#8222;Szalonego&#8221; z lekka).<\/p>\n\n\n\n<figure class=\"wp-block-image size-large\"><img loading=\"lazy\" decoding=\"async\" width=\"1024\" height=\"681\" src=\"https:\/\/kruczekrakanie.pl\/wp-content\/uploads\/2022\/07\/IMGP0499-1024x681.jpg\" alt=\"\" class=\"wp-image-3744\" srcset=\"https:\/\/kruczekrakanie.pl\/wp-content\/uploads\/2022\/07\/IMGP0499-1024x681.jpg 1024w, https:\/\/kruczekrakanie.pl\/wp-content\/uploads\/2022\/07\/IMGP0499-300x200.jpg 300w, https:\/\/kruczekrakanie.pl\/wp-content\/uploads\/2022\/07\/IMGP0499-768x511.jpg 768w, https:\/\/kruczekrakanie.pl\/wp-content\/uploads\/2022\/07\/IMGP0499-1536x1022.jpg 1536w, https:\/\/kruczekrakanie.pl\/wp-content\/uploads\/2022\/07\/IMGP0499.jpg 1920w\" sizes=\"auto, (max-width: 767px) 89vw, (max-width: 1000px) 54vw, (max-width: 1071px) 543px, 580px\" \/><\/figure>\n\n\n\n<p class=\"wp-block-paragraph\">Byli\u015bmy te\u017c w Monachium, w Starej Pinakotece i Muzeum Lotnictwa.<\/p>\n\n\n\n<figure class=\"wp-block-image size-large\"><img loading=\"lazy\" decoding=\"async\" width=\"1024\" height=\"681\" src=\"https:\/\/kruczekrakanie.pl\/wp-content\/uploads\/2022\/07\/IMGP0530-1024x681.jpg\" alt=\"\" class=\"wp-image-3745\" srcset=\"https:\/\/kruczekrakanie.pl\/wp-content\/uploads\/2022\/07\/IMGP0530-1024x681.jpg 1024w, https:\/\/kruczekrakanie.pl\/wp-content\/uploads\/2022\/07\/IMGP0530-300x200.jpg 300w, https:\/\/kruczekrakanie.pl\/wp-content\/uploads\/2022\/07\/IMGP0530-768x511.jpg 768w, https:\/\/kruczekrakanie.pl\/wp-content\/uploads\/2022\/07\/IMGP0530-1536x1022.jpg 1536w, https:\/\/kruczekrakanie.pl\/wp-content\/uploads\/2022\/07\/IMGP0530.jpg 1920w\" sizes=\"auto, (max-width: 767px) 89vw, (max-width: 1000px) 54vw, (max-width: 1071px) 543px, 580px\" \/><\/figure>\n\n\n\n<p class=\"wp-block-paragraph\">Z Niemiec przez <a rel=\"noreferrer noopener\" href=\"http:\/\/grossglocknerstrasse.eu\/\" target=\"_blank\">drog\u0119 wysokog\u00f3rsk\u0105 (Grossglockner)<\/a> pojechali\u015bmy w Dolomity.<\/p>\n\n\n\n<figure class=\"wp-block-image size-large\"><img loading=\"lazy\" decoding=\"async\" width=\"1024\" height=\"280\" src=\"https:\/\/kruczekrakanie.pl\/wp-content\/uploads\/2022\/07\/IMG20220702123234-1024x280.jpg\" alt=\"\" class=\"wp-image-3746\" srcset=\"https:\/\/kruczekrakanie.pl\/wp-content\/uploads\/2022\/07\/IMG20220702123234-1024x280.jpg 1024w, https:\/\/kruczekrakanie.pl\/wp-content\/uploads\/2022\/07\/IMG20220702123234-300x82.jpg 300w, https:\/\/kruczekrakanie.pl\/wp-content\/uploads\/2022\/07\/IMG20220702123234-768x210.jpg 768w, https:\/\/kruczekrakanie.pl\/wp-content\/uploads\/2022\/07\/IMG20220702123234-1536x421.jpg 1536w, https:\/\/kruczekrakanie.pl\/wp-content\/uploads\/2022\/07\/IMG20220702123234-2048x561.jpg 2048w\" sizes=\"auto, (max-width: 767px) 89vw, (max-width: 1000px) 54vw, (max-width: 1071px) 543px, 580px\" \/><\/figure>\n\n\n\n<p class=\"wp-block-paragraph\">A Dolomity, to nam z r\u0119ki jad\u0142y. Wystarczy\u0142o z namiotu g\u0142ow\u0119 wystawi\u0107.<\/p>\n\n\n\n<figure class=\"wp-block-image size-large\"><img loading=\"lazy\" decoding=\"async\" width=\"1024\" height=\"681\" src=\"https:\/\/kruczekrakanie.pl\/wp-content\/uploads\/2022\/07\/IMGP0637-1024x681.jpg\" alt=\"\" class=\"wp-image-3747\" srcset=\"https:\/\/kruczekrakanie.pl\/wp-content\/uploads\/2022\/07\/IMGP0637-1024x681.jpg 1024w, https:\/\/kruczekrakanie.pl\/wp-content\/uploads\/2022\/07\/IMGP0637-300x200.jpg 300w, https:\/\/kruczekrakanie.pl\/wp-content\/uploads\/2022\/07\/IMGP0637-768x511.jpg 768w, https:\/\/kruczekrakanie.pl\/wp-content\/uploads\/2022\/07\/IMGP0637-1536x1022.jpg 1536w, https:\/\/kruczekrakanie.pl\/wp-content\/uploads\/2022\/07\/IMGP0637.jpg 1920w\" sizes=\"auto, (max-width: 767px) 89vw, (max-width: 1000px) 54vw, (max-width: 1071px) 543px, 580px\" \/><\/figure>\n\n\n\n<p class=\"wp-block-paragraph\">Niestety, najfajniejsze prze\u0142\u0119cze w g\u00f3rach by\u0142y zamkni\u0119te z powodu sp\u0119du 8000 kolarzy. Zawody jakie\u015b sobie urz\u0105dzili&#8230; Pojechali\u015bmy wi\u0119c do S\u0142owenii &#8211; Dolina Soczy i Triglav.<\/p>\n\n\n\n<figure class=\"wp-block-image size-large\"><img loading=\"lazy\" decoding=\"async\" width=\"1024\" height=\"681\" src=\"https:\/\/kruczekrakanie.pl\/wp-content\/uploads\/2022\/07\/IMGP0717-1024x681.jpg\" alt=\"\" class=\"wp-image-3748\" srcset=\"https:\/\/kruczekrakanie.pl\/wp-content\/uploads\/2022\/07\/IMGP0717-1024x681.jpg 1024w, https:\/\/kruczekrakanie.pl\/wp-content\/uploads\/2022\/07\/IMGP0717-300x200.jpg 300w, https:\/\/kruczekrakanie.pl\/wp-content\/uploads\/2022\/07\/IMGP0717-768x511.jpg 768w, https:\/\/kruczekrakanie.pl\/wp-content\/uploads\/2022\/07\/IMGP0717-1536x1022.jpg 1536w, https:\/\/kruczekrakanie.pl\/wp-content\/uploads\/2022\/07\/IMGP0717.jpg 1920w\" sizes=\"auto, (max-width: 767px) 89vw, (max-width: 1000px) 54vw, (max-width: 1071px) 543px, 580px\" \/><\/figure>\n\n\n\n<p class=\"wp-block-paragraph\">Jeszcze tylko ciastko z kremem w Bled i na Czarn\u0105 Mamb\u0119 do Wiednia \ud83d\ude42<\/p>\n\n\n\n<p class=\"wp-block-paragraph\">A, i jeszcze Muzeum Techniki w Wiedniu zd\u0105\u017cyli\u015bmy zobaczy\u0107.<\/p>\n\n\n\n<figure class=\"wp-block-image size-large\"><img loading=\"lazy\" decoding=\"async\" width=\"1024\" height=\"681\" src=\"https:\/\/kruczekrakanie.pl\/wp-content\/uploads\/2022\/07\/IMGP0794-1024x681.jpg\" alt=\"\" class=\"wp-image-3749\" srcset=\"https:\/\/kruczekrakanie.pl\/wp-content\/uploads\/2022\/07\/IMGP0794-1024x681.jpg 1024w, https:\/\/kruczekrakanie.pl\/wp-content\/uploads\/2022\/07\/IMGP0794-300x200.jpg 300w, https:\/\/kruczekrakanie.pl\/wp-content\/uploads\/2022\/07\/IMGP0794-768x511.jpg 768w, https:\/\/kruczekrakanie.pl\/wp-content\/uploads\/2022\/07\/IMGP0794-1536x1022.jpg 1536w, https:\/\/kruczekrakanie.pl\/wp-content\/uploads\/2022\/07\/IMGP0794.jpg 1920w\" sizes=\"auto, (max-width: 767px) 89vw, (max-width: 1000px) 54vw, (max-width: 1071px) 543px, 580px\" \/><\/figure>\n\n\n\n<p class=\"wp-block-paragraph\">I do domu \ud83d\ude42<\/p>\n\n\n\n<hr class=\"wp-block-separator has-alpha-channel-opacity\"\/>\n\n\n\n<p class=\"wp-block-paragraph\">Wspominki:<\/p>\n\n\n\n<p class=\"wp-block-paragraph\"><ul class=\"display-posts-listing\"><li class=\"listing-item\"><a class=\"title\" href=\"https:\/\/kruczekrakanie.pl\/index.php\/2022\/07\/14\/kolejka-gorska\/\">Kolejka g\u00f3rska<\/a><\/li><li class=\"listing-item\"><a class=\"title\" href=\"https:\/\/kruczekrakanie.pl\/index.php\/2022\/07\/14\/wakacje-2022-mapka-trasy\/\">Wakacje 2022 &#8211; mapka trasy<\/a><\/li><li class=\"listing-item\"><a class=\"title\" href=\"https:\/\/kruczekrakanie.pl\/index.php\/2022\/07\/14\/zdjecie-wyjazdu-wakacje-2022\/\">Zdj\u0119cie wyjazdu Wakacje 2022<\/a><\/li><\/ul><\/p>\n\n\n\n<hr class=\"wp-block-separator has-alpha-channel-opacity\"\/>\n\n\n\n<p class=\"wp-block-paragraph\">Albumy ze zdj\u0119ciami <\/p>\n\n\n\n<ul class=\"wp-block-list\"><li><a rel=\"noreferrer noopener\" href=\"https:\/\/photos.app.goo.gl\/QqiEK7w2u5VUgYU97\" target=\"_blank\">Kotlina K\u0142odzka i Most 721<\/a><\/li><li><a rel=\"noreferrer noopener\" href=\"https:\/\/photos.app.goo.gl\/LrJKjvrmxJE3shNx6\" target=\"_blank\">Chiemsee, Monachium, Grossglockner<\/a><\/li><li><a rel=\"noreferrer noopener\" href=\"https:\/\/photos.app.goo.gl\/Sy2vKJKhRxSq7gVb8\" target=\"_blank\">Dolomity, S\u0142owenia, Wiede\u0144<\/a><\/li><li><a rel=\"noreferrer noopener\" href=\"https:\/\/photos.app.goo.gl\/e1trgCFeWGvetYxo6\" target=\"_blank\">Zdj\u0119cia Ireny<\/a><\/li><\/ul>\n","protected":false},"excerpt":{"rendered":"<p>Tym razem na po\u0142udnie. Trzeba korzysta\u0107, bo przerwa w pandemii&#8230; Zacz\u0119li\u015bmy w Kotlinie K\u0142odzkiej. By\u0142a Twierdza Srebna G\u00f3ra, B\u0142\u0119dne Ska\u0142y, Szczeliniec i miasto K\u0142odzko. Byli\u015bmy te\u017c w Czechach, na 721-metrowym mo\u015bcie linowym. Potem przelot przez Austri\u0119, do Niemiec, w okolic\u0119 jeziora Chiemsee, z pa\u0142acem Ludwika II (chyba &#8222;Szalonego&#8221; z lekka). Byli\u015bmy te\u017c w Monachium, w &hellip; <\/p>\n<p class=\"link-more\"><a href=\"https:\/\/kruczekrakanie.pl\/index.php\/2022\/07\/14\/zdjecie-wyjazdu-wakacje-2022\/\" class=\"more-link\">Czytaj dalej<span class=\"screen-reader-text\"> \u201eZdj\u0119cie wyjazdu Wakacje 2022\u201d<\/span><\/a><\/p>\n","protected":false},"author":2,"featured_media":3755,"parent":101,"menu_order":0,"comment_status":"closed","ping_status":"closed","template":"","meta":{"_crdt_document":"","ngg_post_thumbnail":0,"footnotes":""},"class_list":["post-3741","page","type-page","status-publish","has-post-thumbnail","hentry"],"_links":{"self":[{"href":"https:\/\/kruczekrakanie.pl\/index.php\/wp-json\/wp\/v2\/pages\/3741","targetHints":{"allow":["GET"]}}],"collection":[{"href":"https:\/\/kruczekrakanie.pl\/index.php\/wp-json\/wp\/v2\/pages"}],"about":[{"href":"https:\/\/kruczekrakanie.pl\/index.php\/wp-json\/wp\/v2\/types\/page"}],"author":[{"embeddable":true,"href":"https:\/\/kruczekrakanie.pl\/index.php\/wp-json\/wp\/v2\/users\/2"}],"replies":[{"embeddable":true,"href":"https:\/\/kruczekrakanie.pl\/index.php\/wp-json\/wp\/v2\/comments?post=3741"}],"version-history":[{"count":5,"href":"https:\/\/kruczekrakanie.pl\/index.php\/wp-json\/wp\/v2\/pages\/3741\/revisions"}],"predecessor-version":[{"id":3760,"href":"https:\/\/kruczekrakanie.pl\/index.php\/wp-json\/wp\/v2\/pages\/3741\/revisions\/3760"}],"up":[{"embeddable":true,"href":"https:\/\/kruczekrakanie.pl\/index.php\/wp-json\/wp\/v2\/pages\/101"}],"wp:featuredmedia":[{"embeddable":true,"href":"https:\/\/kruczekrakanie.pl\/index.php\/wp-json\/wp\/v2\/media\/3755"}],"wp:attachment":[{"href":"https:\/\/kruczekrakanie.pl\/index.php\/wp-json\/wp\/v2\/media?parent=3741"}],"curies":[{"name":"wp","href":"https:\/\/api.w.org\/{rel}","templated":true}]}}

<p class="wp-block-paragraph">Tym razem na południe. Trzeba korzystać, bo przerwa w pandemii&#8230;</p>



<p class="wp-block-paragraph">Zaczęliśmy w Kotlinie Kłodzkiej. Była Twierdza Srebna Góra, Błędne Skały, Szczeliniec i miasto Kłodzko.</p>



<figure class="wp-block-image size-large"><img loading="lazy" decoding="async" width="1024" height="681" src="https://kruczekrakanie.pl/wp-content/uploads/2022/07/IMGP0415-1024x681.jpg" alt="" class="wp-image-3742" srcset="https://kruczekrakanie.pl/wp-content/uploads/2022/07/IMGP0415-1024x681.jpg 1024w, https://kruczekrakanie.pl/wp-content/uploads/2022/07/IMGP0415-300x200.jpg 300w, https://kruczekrakanie.pl/wp-content/uploads/2022/07/IMGP0415-768x511.jpg 768w, https://kruczekrakanie.pl/wp-content/uploads/2022/07/IMGP0415-1536x1022.jpg 1536w, https://kruczekrakanie.pl/wp-content/uploads/2022/07/IMGP0415.jpg 1920w" sizes="auto, (max-width: 767px) 89vw, (max-width: 1000px) 54vw, (max-width: 1071px) 543px, 580px" /></figure>



<p class="wp-block-paragraph">Byliśmy też w Czechach, na<a href="https://www.dolnimorava.cz/pl/sky-bridge-721" target="_blank" rel="noreferrer noopener"> 721-metrowym moście linowym.</a></p>



<figure class="wp-block-image size-large"><img loading="lazy" decoding="async" width="1024" height="681" src="https://kruczekrakanie.pl/wp-content/uploads/2022/07/IMGP0354-1024x681.jpg" alt="" class="wp-image-3743" srcset="https://kruczekrakanie.pl/wp-content/uploads/2022/07/IMGP0354-1024x681.jpg 1024w, https://kruczekrakanie.pl/wp-content/uploads/2022/07/IMGP0354-300x200.jpg 300w, https://kruczekrakanie.pl/wp-content/uploads/2022/07/IMGP0354-768x511.jpg 768w, https://kruczekrakanie.pl/wp-content/uploads/2022/07/IMGP0354-1536x1022.jpg 1536w, https://kruczekrakanie.pl/wp-content/uploads/2022/07/IMGP0354.jpg 1920w" sizes="auto, (max-width: 767px) 89vw, (max-width: 1000px) 54vw, (max-width: 1071px) 543px, 580px" /></figure>



<p class="wp-block-paragraph">Potem przelot przez Austrię, do Niemiec, w okolicę jeziora Chiemsee, z pałacem Ludwika II (chyba &#8222;Szalonego&#8221; z lekka).</p>



<figure class="wp-block-image size-large"><img loading="lazy" decoding="async" width="1024" height="681" src="https://kruczekrakanie.pl/wp-content/uploads/2022/07/IMGP0499-1024x681.jpg" alt="" class="wp-image-3744" srcset="https://kruczekrakanie.pl/wp-content/uploads/2022/07/IMGP0499-1024x681.jpg 1024w, https://kruczekrakanie.pl/wp-content/uploads/2022/07/IMGP0499-300x200.jpg 300w, https://kruczekrakanie.pl/wp-content/uploads/2022/07/IMGP0499-768x511.jpg 768w, https://kruczekrakanie.pl/wp-content/uploads/2022/07/IMGP0499-1536x1022.jpg 1536w, https://kruczekrakanie.pl/wp-content/uploads/2022/07/IMGP0499.jpg 1920w" sizes="auto, (max-width: 767px) 89vw, (max-width: 1000px) 54vw, (max-width: 1071px) 543px, 580px" /></figure>



<p class="wp-block-paragraph">Byliśmy też w Monachium, w Starej Pinakotece i Muzeum Lotnictwa.</p>



<figure class="wp-block-image size-large"><img loading="lazy" decoding="async" width="1024" height="681" src="https://kruczekrakanie.pl/wp-content/uploads/2022/07/IMGP0530-1024x681.jpg" alt="" class="wp-image-3745" srcset="https://kruczekrakanie.pl/wp-content/uploads/2022/07/IMGP0530-1024x681.jpg 1024w, https://kruczekrakanie.pl/wp-content/uploads/2022/07/IMGP0530-300x200.jpg 300w, https://kruczekrakanie.pl/wp-content/uploads/2022/07/IMGP0530-768x511.jpg 768w, https://kruczekrakanie.pl/wp-content/uploads/2022/07/IMGP0530-1536x1022.jpg 1536w, https://kruczekrakanie.pl/wp-content/uploads/2022/07/IMGP0530.jpg 1920w" sizes="auto, (max-width: 767px) 89vw, (max-width: 1000px) 54vw, (max-width: 1071px) 543px, 580px" /></figure>



<p class="wp-block-paragraph">Z Niemiec przez <a rel="noreferrer noopener" href="http://grossglocknerstrasse.eu/" target="_blank">drogę wysokogórską (Grossglockner)</a> pojechaliśmy w Dolomity.</p>



<figure class="wp-block-image size-large"><img loading="lazy" decoding="async" width="1024" height="280" src="https://kruczekrakanie.pl/wp-content/uploads/2022/07/IMG20220702123234-1024x280.jpg" alt="" class="wp-image-3746" srcset="https://kruczekrakanie.pl/wp-content/uploads/2022/07/IMG20220702123234-1024x280.jpg 1024w, https://kruczekrakanie.pl/wp-content/uploads/2022/07/IMG20220702123234-300x82.jpg 300w, https://kruczekrakanie.pl/wp-content/uploads/2022/07/IMG20220702123234-768x210.jpg 768w, https://kruczekrakanie.pl/wp-content/uploads/2022/07/IMG20220702123234-1536x421.jpg 1536w, https://kruczekrakanie.pl/wp-content/uploads/2022/07/IMG20220702123234-2048x561.jpg 2048w" sizes="auto, (max-width: 767px) 89vw, (max-width: 1000px) 54vw, (max-width: 1071px) 543px, 580px" /></figure>



<p class="wp-block-paragraph">A Dolomity, to nam z ręki jadły. Wystarczyło z namiotu głowę wystawić.</p>



<figure class="wp-block-image size-large"><img loading="lazy" decoding="async" width="1024" height="681" src="https://kruczekrakanie.pl/wp-content/uploads/2022/07/IMGP0637-1024x681.jpg" alt="" class="wp-image-3747" srcset="https://kruczekrakanie.pl/wp-content/uploads/2022/07/IMGP0637-1024x681.jpg 1024w, https://kruczekrakanie.pl/wp-content/uploads/2022/07/IMGP0637-300x200.jpg 300w, https://kruczekrakanie.pl/wp-content/uploads/2022/07/IMGP0637-768x511.jpg 768w, https://kruczekrakanie.pl/wp-content/uploads/2022/07/IMGP0637-1536x1022.jpg 1536w, https://kruczekrakanie.pl/wp-content/uploads/2022/07/IMGP0637.jpg 1920w" sizes="auto, (max-width: 767px) 89vw, (max-width: 1000px) 54vw, (max-width: 1071px) 543px, 580px" /></figure>



<p class="wp-block-paragraph">Niestety, najfajniejsze przełęcze w górach były zamknięte z powodu spędu 8000 kolarzy. Zawody jakieś sobie urządzili&#8230; Pojechaliśmy więc do Słowenii &#8211; Dolina Soczy i Triglav.</p>



<figure class="wp-block-image size-large"><img loading="lazy" decoding="async" width="1024" height="681" src="https://kruczekrakanie.pl/wp-content/uploads/2022/07/IMGP0717-1024x681.jpg" alt="" class="wp-image-3748" srcset="https://kruczekrakanie.pl/wp-content/uploads/2022/07/IMGP0717-1024x681.jpg 1024w, https://kruczekrakanie.pl/wp-content/uploads/2022/07/IMGP0717-300x200.jpg 300w, https://kruczekrakanie.pl/wp-content/uploads/2022/07/IMGP0717-768x511.jpg 768w, https://kruczekrakanie.pl/wp-content/uploads/2022/07/IMGP0717-1536x1022.jpg 1536w, https://kruczekrakanie.pl/wp-content/uploads/2022/07/IMGP0717.jpg 1920w" sizes="auto, (max-width: 767px) 89vw, (max-width: 1000px) 54vw, (max-width: 1071px) 543px, 580px" /></figure>



<p class="wp-block-paragraph">Jeszcze tylko ciastko z kremem w Bled i na Czarną Mambę do Wiednia 🙂</p>



<p class="wp-block-paragraph">A, i jeszcze Muzeum Techniki w Wiedniu zdążyliśmy zobaczyć.</p>



<figure class="wp-block-image size-large"><img loading="lazy" decoding="async" width="1024" height="681" src="https://kruczekrakanie.pl/wp-content/uploads/2022/07/IMGP0794-1024x681.jpg" alt="" class="wp-image-3749" srcset="https://kruczekrakanie.pl/wp-content/uploads/2022/07/IMGP0794-1024x681.jpg 1024w, https://kruczekrakanie.pl/wp-content/uploads/2022/07/IMGP0794-300x200.jpg 300w, https://kruczekrakanie.pl/wp-content/uploads/2022/07/IMGP0794-768x511.jpg 768w, https://kruczekrakanie.pl/wp-content/uploads/2022/07/IMGP0794-1536x1022.jpg 1536w, https://kruczekrakanie.pl/wp-content/uploads/2022/07/IMGP0794.jpg 1920w" sizes="auto, (max-width: 767px) 89vw, (max-width: 1000px) 54vw, (max-width: 1071px) 543px, 580px" /></figure>



<p class="wp-block-paragraph">I do domu 🙂</p>



<hr class="wp-block-separator has-alpha-channel-opacity"/>



<p class="wp-block-paragraph">Wspominki:</p>



<p class="wp-block-paragraph"><ul class="display-posts-listing"><li class="listing-item"><a class="title" href="https://kruczekrakanie.pl/index.php/2022/07/14/kolejka-gorska/">Kolejka górska</a></li><li class="listing-item"><a class="title" href="https://kruczekrakanie.pl/index.php/2022/07/14/wakacje-2022-mapka-trasy/">Wakacje 2022 &#8211; mapka trasy</a></li><li class="listing-item"><a class="title" href="https://kruczekrakanie.pl/index.php/2022/07/14/zdjecie-wyjazdu-wakacje-2022/">Zdjęcie wyjazdu Wakacje 2022</a></li></ul></p>



<hr class="wp-block-separator has-alpha-channel-opacity"/>



<p class="wp-block-paragraph">Albumy ze zdjęciami </p>



<ul class="wp-block-list"><li><a rel="noreferrer noopener" href="https://photos.app.goo.gl/QqiEK7w2u5VUgYU97" target="_blank">Kotlina Kłodzka i Most 721</a></li><li><a rel="noreferrer noopener" href="https://photos.app.goo.gl/LrJKjvrmxJE3shNx6" target="_blank">Chiemsee, Monachium, Grossglockner</a></li><li><a rel="noreferrer noopener" href="https://photos.app.goo.gl/Sy2vKJKhRxSq7gVb8" target="_blank">Dolomity, Słowenia, Wiedeń</a></li><li><a rel="noreferrer noopener" href="https://photos.app.goo.gl/e1trgCFeWGvetYxo6" target="_blank">Zdjęcia Ireny</a></li></ul>

<p>Tym razem na południe. Trzeba korzystać, bo przerwa w pandemii&#8230; Zaczęliśmy w Kotlinie Kłodzkiej. Była Twierdza Srebna Góra, Błędne Skały, Szczeliniec i miasto Kłodzko. Byliśmy też w Czechach, na 721-metrowym moście linowym. Potem przelot przez Austrię, do Niemiec, w okolicę jeziora Chiemsee, z pałacem Ludwika II (chyba &#8222;Szalonego&#8221; z lekka). Byliśmy też w Monachium, w &hellip; </p>
<p class="link-more"><a href="https://kruczekrakanie.pl/index.php/2022/07/14/zdjecie-wyjazdu-wakacje-2022/" class="more-link">Czytaj dalej<span class="screen-reader-text"> „Zdjęcie wyjazdu Wakacje 2022”</span></a></p>
